 + 68.
2, 5, 7
Let r be (-4 - (1 - 2)) + 7. What are the prime factors of (-284)/(-18) - r/(-18)?
2
Let j = 168 - 94. What are the prime factors of j?
2, 37
List the prime factors of 58/4 + (-6)/(-4).
2
Let x(f) = f**2 + 3*f - 5. Suppose 41 - 13 = -4*h. List the prime factors of x(h).
23
Let u(k) = k**2 - 4*k + 4. Let y be u(4). Suppose -5*h + 3*h + 64 = 2*p, 0 = -h + y*p + 32. List the prime factors of h.
2
Suppose 3*w + 19 = k, k = -k - 4*w - 12. List the prime factors of 25 + 1 + k/2.
2, 7
Suppose -3*y = -5*c + 472, 176 = 3*c - c + 2*y. What are the prime factors of c?
2, 23
Suppose -7*n + 212 = 5*d - 3*n, 4*d - 145 = 5*n. What are the prime factors of d?
2, 5
Let q = -8 + 20. List the prime factors of q.
2, 3
Let a(d) = -d**2 - 8*d. Let r be a(-8). Let i(g) = -g**3 + 2*g**2 + 2*g - 2. Let j be i(2). Suppose -n + r = -j. What are the prime factors of n?
2
Suppose 0 = 5*p - 4*c - 171, 4*c + 0*c = 4*p - 136. Let q = 84 - p. Suppose -w - q = -7*o + 3*o, 74 = 5*o + 3*w. List the prime factors of o.
13
Suppose -228 = 2*d - 5*d. List the prime factors of d.
2, 19
Suppose -3*o = -4*o - 13. Let y = 43 + -15. Let h = o + y. List the prime factors of h.
3, 5
Let s(z) = z**3 + 7*z**2 - 4*z. Let v be s(-6). Suppose -4*r - 5*w + 24 = -53, -5*r + w = -v. List the prime factors of r.
13
Let c(i) = -i**3 + 4*i**2 + 5*i + 2. Let h be c(5). Suppose 5*g - 29 = -h*b + 31, 5*b - 150 = 5*g. What are the prime factors of b?
2, 3, 5
Let n = -2 + 33. Suppose -2*d = -3*b + n, -4*d - 2*b - 2*b = 52. List the prime factors of d/(-10) + (-3)/(-5).
2
Suppose r - 51 = -4*b - b, 5*r + 4*b = 192. Let s = -16 + r. What are the prime factors of s?
2, 5
Suppose 3*f = f + 4*i - 8, -3*i = -15. Let v = f - 4. List the prime factors of v.
2
Suppose 3*x + 7 = -4*l + 23, -5*x = l - 21. Suppose -x*a + 27 = -a. List the prime factors of a.
3
Let u(l) = -l + 8. Let g be u(0). Let v = -9 + 10. Suppose -v - g = -r. What are the prime factors of r?
3
Suppose 3*y + y = 0. Let n = y + 3. List the prime factors of n.
3
Suppose 3*v + v + 768 = 4*m, -5*m + 4*v = -958. What are the prime factors of m?
2, 5, 19
Suppose 4*p + 9 = -3. Let g(l) = -2 - 4*l - 2*l + 2*l. List the prime factors of g(p).
2, 5
Suppose -8*m + 545 = -3*m. Suppose a + 2*z + 64 = 4*a, z + m = 5*a. Suppose -4*f = -5*o - 44, -5*o + o + a = 2*f. List the prime factors of f.
11
Suppose -2*h - d = -6*h + 180, -h + 45 = 4*d. List the prime factors of h.
3, 5
Suppose r - 2*r = -4*f + 511, -3*f + 372 = 3*r. List the prime factors of f.
127
Suppose v = -v + n + 34, -3*n = 5*v - 63. List the prime factors of v.
3, 5
Let u(h) = -h**2 + 3*h + 2. Suppose a = -3*a + 8. Suppose 1 + a = x. What are the prime factors of u(x)?
2
Let y(d) = -d + 2. Let z be y(0). Suppose -w - 128 = -z*k, -w + 5*w = k - 57. Suppose -i = 4*i - k. What are the prime factors of i?
13
Let c(q) = q**3 - 11*q**2 + 13*q - 1. Suppose -41 = -3*d - 11. List the prime factors of c(d).
29
Let d(z) be the second derivative of -7*z**5/10 - z**2/2 + 3*z. Suppose -2*l = -4 + 6. What are the prime factors of d(l)?
13
Let r(x) = -4*x + 2. Let o be r(-2). Suppose -v - o = -6*v. Suppose -v*b + 26 = -t, 4*t = 2*b - 4*b + 46. What are the prime factors of b?
3, 5
Let d(v) = v**3 + 7*v**2 - 10*v - 12. Let n be d(-8). Let s(b) = 0*b + 9 - n - 2*b. What are the prime factors of s(-4)?
13
Let x(f) = -f**2 - 6*f + 5. Let s be x(-6). Suppose 0 = -2*d + s*y + 7, 3 = -d + 2*y + 5. Let n(c) = -c**3 - 4*c**2 - 4*c - 3. List the prime factors of n(d).
13
Suppose 0 = -3*l + 10 + 14. What are the prime factors of l?
2
Suppose 60 = 4*f - f. Let r = -9 + f. Suppose -t - 5*o = t + 4, -t + 4*o = -r. What are the prime factors of t?
3
Let f(x) = 2*x**3 - 10*x**2 - 5*x - 22. What are the prime factors of f(6)?
2, 5
Let u(q) = 4*q**2 - 8*q - 4. What are the prime factors of u(4)?
2, 7
Let m(p) be the third derivative of -p**4/24 - 2*p**3/3 - 4*p**2. Let d be m(-9). Suppose -4*n - x + d*x + 48 = 0, 3*n = -2*x + 41. List the prime factors of n.
13
Let r = -8 - -87. List the prime factors of r.
79
Let l = 1 - -3. Suppose -3*x + l*o + 32 = 0, -2 = o - 0. List the prime factors of x.
2
Let h = 107 - 63. List the prime factors of h.
2, 11
Let r(i) = 2*i - 1. Suppose -1 = -4*w + 7. Let z be r(w). Suppose 3*g - 13 = 5*q + 19, -3*g + z*q = -30. What are the prime factors of g?
3
What are the prime factors of -4 + (-4 - (-1 - 53))?
2, 23
Suppose 4*s + 4*l = 208, 4*s + 0*l = -l + 208. List the prime factors of s.
2, 13
Suppose -4*i + 176 = 2*s, 3*s + 2*i = 5*s - 164. List the prime factors of s.
2, 3, 7
Let y(l) be the third derivative of l**4/8 - l**3/3 + 3*l**2. Let w be y(2). Suppose 0 = w*f + 3*o - 6, f - 5*f + 4 = 4*o. What are the prime factors of f?
3
Let x(k) = k**2 + k. Let i be x(2). Suppose 4*h - 26 = -i. Suppose -h*p + 9 + 31 = 0. List the prime factors of p.
2
Let o be (0 + -4)/(-1 + 0). Suppose q - 4 = -0. Suppose o*w - 6 = u, w + 3*u = 6*w - q. What are the prime factors of w?
2
Suppose -y + 3*g = 5, 3*g + 25 = -5*y + 7*g. Let h(x) = -x**3 - 4*x**2 - 3*x - 7. Let n be h(y). Suppose -2*a + n = 1. List the prime factors of a.
2
Let w(s) be the second derivative of s**3 + 3*s. What are the prime factors of w(2)?
2, 3
Suppose 5*g - 4*d - 569 = -12, -5*d = -4*g + 442. What are the prime factors of g?
113
Let v be (47/(-3))/((-2)/6). Let y = 18 - v. Let k = -20 - y. What are the prime factors of k?
3
Suppose 4*v - 94 + 30 = 0. List the prime factors of v.
2
Let k = -81 + 119. Suppose 3*d - k + 6 = -2*m, -2*d - 2*m = -18. What are the prime factors of d?
2, 7
Let h = -3 + 4. Let p = h + 0. Suppose -13 = -u - p. What are the prime factors of u?
2, 3
Suppose 5*g - 183 = 82. What are the prime factors of g?
53
List the prime factors of 1428/(-7)*(-2 + (1 - 0)).
2, 3, 17
Let k be 84/30 - (-2)/10. Let j be (-1)/3*(k + -9). List the prime factors of -3 - (-20 - 1 - j).
2, 5
Let b be (-7 + (1 - -2))*-1. Suppose -b*z + 92 = -0*z. List the prime factors of z.
23
Suppose 6 = 3*k - 3. Let r be ((-3)/(-2))/(k/40). Suppose -2*u = -7*u + r. List the prime factors of u.
2
Suppose -144 + 20 = 5*b + f, 0 = 5*b + 2*f + 128. List the prime factors of (-18)/b + (-410)/(-8).
2, 13
Let r be (-6)/(-2) + 8/4. Let d = 5 - r. Suppose 0 = -j + 4*o + 35, d = -2*o - 14 + 6. List the prime factors of j.
19
Let o = -12 - -22. Suppose 4*h = 30 + o. What are the prime factors of h?
2, 5
Let t = -17 + 31. Let l = t - 8. What are the prime factors of l?
2, 3
Suppose -3*v + 350 = -1. What are the prime factors of v?
3, 13
Suppose 0*s - 72 = -s. What are the prime factors of s?
2, 3
Suppose -10*v + 13*v - 51 = 0. List the prime factors of v.
17
Let h(c) = -c**3 + 9*c**2 - 6*c + 15. What are the prime factors of h(6)?
3, 29
Let g be (8/(-3))/((-2)/15). List the prime factors of 138/5 - (-8)/g.
2, 7
What are the prime factors of (49*4/12)/((-1)/(-9))?
3, 7
Suppose -2*l + 17 = -7. Let h = l + -6. What are the prime factors of h - 3*2/3?
2
Let m(j) = -5*j + 4*j + 12 - 13. Let a be m(0). List the prime factors of a/2 - 17/(-2).
2
Let h be -3*(-3 + 28/12). Let g(q) = 2*q**2 - 2*q + 3. What are the prime factors of g(h)?
7
Let i(o) = o**2 + 10*o - 15. What are the prime factors of i(-15)?
2, 3, 5
Let m(d) = 2 - 3*d**2 - d**3 + 0*d**2 + 2 - 3*d. Let s be m(-3). List the prime factors of s - (1 - (-1 + 2)).
13
Let n = -9 + 19. Let x = n - 7. Suppose 0 = -x*i - 9 + 36. What are the prime factors of i?
3
Let v(m) = -3*m**3 - m**2. Let c be v(1). Let t = c + 6. What are the prime factors of t?
2
What are the prime factors of (3/(-2))/(24/(-1696))?
2, 53
Suppose -4*y - 3*c + 204 = 0, 6 = 4*c - 10. Suppose -y = -5*b - k + 55, 0 = 5*b + 5*k - 115. What are the prime factors of b?
2, 5
Let s(z) = 2*z**2 - 4*z + 3. Let m be s(2). Suppose m*o + 24 = -0. Let k = o + 16. What are the prime factors of k?
2
Suppose -63 = -3*m + 147. What are the prime factors of m?
2, 5, 7
Suppose 0 = -3*i - 2*c + 204, 0*i + 5*i = -c + 340. Suppose 4*j = 180 - i. What are the prime factors of j?
2, 7
Suppose -30*f + 36*f - 828 = 0. List the prime factors of f.
2, 3, 23
Let u(c) = c**2 + 9*c + 11. Let q be u(-8). Let j be 16/(-6)*q/(-2). Suppose 0*a + a + 1 = -g, j = -a - 2*g. What are the prime factors of a?
2
Let p = 39 + -23. Suppose -s = -k + 10, 2*k - 4*k + 4*s = -p. Wh